{"id":11812,"date":"2025-12-17T13:17:09","date_gmt":"2025-12-17T13:17:09","guid":{"rendered":"https:\/\/baffcoffee.com\/?page_id=11812"},"modified":"2026-01-29T13:07:00","modified_gmt":"2026-01-29T13:07:00","slug":"magazalarimiz","status":"publish","type":"page","link":"https:\/\/baffcoffee.com\/index.php\/magazalarimiz\/","title":{"rendered":"Ma\u011fazalar\u0131m\u0131z"},"content":{"rendered":"\t\t<div data-elementor-type=\"wp-page\" data-elementor-id=\"11812\" class=\"elementor elementor-11812\">\n\t\t\t\t<div data-ekitparallax=\"{&quot;ekit_section_parallax_bg&quot;:&quot;yes&quot;,&quot;ekit_section_parallax_bg_speed&quot;:0.5,&quot;elementor_lazy_load&quot;:&quot;1&quot;}\" class=\"elementor-element elementor-element-36f7a18b e-flex e-con-boxed e-con e-parent\" data-id=\"36f7a18b\" data-element_type=\"container\" data-settings=\"{&quot;background_background&quot;:&quot;classic&quot;}\">\n\t\t\t\t\t<div class=\"e-con-inner\">\n\t\t<div class=\"elementor-element elementor-element-37050466 e-con-full e-flex e-con e-child\" data-id=\"37050466\" data-element_type=\"container\">\n\t\t\t\t<div class=\"elementor-element elementor-element-7f9fbac8 at-heading-animation at-animation-heading-style-3 elementor-widget elementor-widget-heading\" data-id=\"7f9fbac8\" data-element_type=\"widget\" data-settings=\"{&quot;ekit_we_effect_on&quot;:&quot;none&quot;}\" data-widget_type=\"heading.default\">\n\t\t\t\t<div class=\"elementor-widget-container\">\n\t\t\t\t\t<h1 class=\"elementor-heading-title elementor-size-default\">Ma\u011fazalar\u0131m\u0131z<\/h1>\t\t\t\t<\/div>\n\t\t\t\t<\/div>\n\t\t\t\t<div class=\"elementor-element elementor-element-b0f160 page-header-breadcrumbs elementor-invisible elementor-widget elementor-widget-elementskit-breadcrumb\" data-id=\"b0f160\" data-element_type=\"widget\" data-settings=\"{&quot;_animation&quot;:&quot;fadeInUp&quot;,&quot;ekit_we_effect_on&quot;:&quot;none&quot;}\" data-widget_type=\"elementskit-breadcrumb.default\">\n\t\t\t\t<div class=\"elementor-widget-container\">\n\t\t\t\t\t<div class=\"ekit-wid-con\" ><ol class=\"ekit-breadcrumb\"><li class=\"ekit_breadcrumbs_start\"><a href=\"https:\/\/baffcoffee.com\">Home<\/a><\/li><\/ol><\/div>\t\t\t\t<\/div>\n\t\t\t\t<\/div>\n\t\t\t\t<\/div>\n\t\t\t\t\t<\/div>\n\t\t\t\t<\/div>\n\t\t<div class=\"elementor-element elementor-element-5ee28fba e-con-full e-flex e-con e-parent\" data-id=\"5ee28fba\" data-element_type=\"container\">\n\t\t<div class=\"elementor-element elementor-element-6acc701e e-con-full e-flex e-con e-child\" data-id=\"6acc701e\" data-element_type=\"container\" data-settings=\"{&quot;background_background&quot;:&quot;classic&quot;}\">\n\t\t\t\t<div class=\"elementor-element elementor-element-5376a54d our-scrolling-ticker  ticker-position-left elementor-widget elementor-widget-elementskit-content-ticker\" data-id=\"5376a54d\" data-element_type=\"widget\" data-settings=\"{&quot;ekit_we_effect_on&quot;:&quot;none&quot;}\" data-widget_type=\"elementskit-content-ticker.default\">\n\t\t\t\t<div class=\"elementor-widget-container\">\n\t\t\t\t\t<div class=\"ekit-wid-con\" >\n\t\t<div id=\"content-ticker-5376a54d\" class=\"ekit-content-ticker-wrapper\" data-content-settings=\"{&quot;type&quot;:&quot;content_ticker&quot;,&quot;settingOptions&quot;:{&quot;tickerSpeed&quot;:50,&quot;tickerDirection&quot;:null,&quot;tickerEffect&quot;:&quot;marquee&quot;,&quot;tickerAutoPlay&quot;:null,&quot;tickerDelay&quot;:3,&quot;tickerReverseDirection&quot;:&quot;&quot;,&quot;tickerGapBetween&quot;:&quot;&quot;,&quot;tickerGrabCursor&quot;:null}}\">\n\t\t\t<div class=\"ekit-content-items\">\n\t\t\t\t\t\t\t\t\t<div class=\"ticker ekitMarqueeSwiper ekit-marquee\">\n\t\t\t\t\t\t<div class=\"marquee-wrapper\">\n\t\t\t\t\t\t\t\t\t\t<div class=\"elementor-repeater-item-b523a08 ekit-marquee-item ticker-item\">\n\t\t\t\t<img decoding=\"async\" width=\"30\" height=\"30\" src=\"https:\/\/baffcoffee.com\/wp-content\/uploads\/2025\/01\/charm_north-star.png\" class=\"attachment-full size-full wp-image-373\" alt=\"\" \/> \n\t\t\t\t<div class=\"ekit-title-and-description\">\n\t\t\t\t\t<a >ESPRESSO<\/a>\n\t\t\t\t\t\t\t\t\t<\/div>\n\t\t\t<\/div>\n\t\t\t\t\t<div class=\"elementor-repeater-item-d467887 ekit-marquee-item ticker-item\">\n\t\t\t\t<img decoding=\"async\" width=\"30\" height=\"30\" src=\"https:\/\/baffcoffee.com\/wp-content\/uploads\/2025\/01\/charm_north-star.png\" class=\"attachment-full size-full wp-image-373\" alt=\"\" \/> \n\t\t\t\t<div class=\"ekit-title-and-description\">\n\t\t\t\t\t<a >AMERICANO<\/a>\n\t\t\t\t\t\t\t\t\t<\/div>\n\t\t\t<\/div>\n\t\t\t\t\t<div class=\"elementor-repeater-item-21e3bf8 ekit-marquee-item ticker-item\">\n\t\t\t\t<img decoding=\"async\" width=\"30\" height=\"30\" src=\"https:\/\/baffcoffee.com\/wp-content\/uploads\/2025\/01\/charm_north-star.png\" class=\"attachment-full size-full wp-image-373\" alt=\"\" \/> \n\t\t\t\t<div class=\"ekit-title-and-description\">\n\t\t\t\t\t<a >LATTE<\/a>\n\t\t\t\t\t\t\t\t\t<\/div>\n\t\t\t<\/div>\n\t\t\t\t\t<div class=\"elementor-repeater-item-dceeb85 ekit-marquee-item ticker-item\">\n\t\t\t\t<img decoding=\"async\" width=\"30\" height=\"30\" src=\"https:\/\/baffcoffee.com\/wp-content\/uploads\/2025\/01\/charm_north-star.png\" class=\"attachment-full size-full wp-image-373\" alt=\"\" \/> \n\t\t\t\t<div class=\"ekit-title-and-description\">\n\t\t\t\t\t<a >CAPPUCCINO<\/a>\n\t\t\t\t\t\t\t\t\t<\/div>\n\t\t\t<\/div>\n\t\t\t\t\t<div class=\"elementor-repeater-item-041ac3f ekit-marquee-item ticker-item\">\n\t\t\t\t<img decoding=\"async\" width=\"30\" height=\"30\" src=\"https:\/\/baffcoffee.com\/wp-content\/uploads\/2025\/01\/charm_north-star.png\" class=\"attachment-full size-full wp-image-373\" alt=\"\" \/> \n\t\t\t\t<div class=\"ekit-title-and-description\">\n\t\t\t\t\t<a >MOCHA<\/a>\n\t\t\t\t\t\t\t\t\t<\/div>\n\t\t\t<\/div>\n\t\t\t\t\t<div class=\"elementor-repeater-item-8e3676a ekit-marquee-item ticker-item\">\n\t\t\t\t<img decoding=\"async\" width=\"30\" height=\"30\" src=\"https:\/\/baffcoffee.com\/wp-content\/uploads\/2025\/01\/charm_north-star.png\" class=\"attachment-full size-full wp-image-373\" alt=\"\" \/> \n\t\t\t\t<div class=\"ekit-title-and-description\">\n\t\t\t\t\t<a >MACCHIATO<\/a>\n\t\t\t\t\t\t\t\t\t<\/div>\n\t\t\t<\/div>\n\t\t\t\t\t<div class=\"elementor-repeater-item-6e9bffc ekit-marquee-item ticker-item\">\n\t\t\t\t<img decoding=\"async\" width=\"30\" height=\"30\" src=\"https:\/\/baffcoffee.com\/wp-content\/uploads\/2025\/01\/charm_north-star.png\" class=\"attachment-full size-full wp-image-373\" alt=\"\" \/> \n\t\t\t\t<div class=\"ekit-title-and-description\">\n\t\t\t\t\t<a >COLD BREW<\/a>\n\t\t\t\t\t\t\t\t\t<\/div>\n\t\t\t<\/div>\n\t\t\t\t\t<div class=\"elementor-repeater-item-c89dd16 ekit-marquee-item ticker-item\">\n\t\t\t\t<img decoding=\"async\" width=\"30\" height=\"30\" src=\"https:\/\/baffcoffee.com\/wp-content\/uploads\/2025\/01\/charm_north-star.png\" class=\"attachment-full size-full wp-image-373\" alt=\"\" \/> \n\t\t\t\t<div class=\"ekit-title-and-description\">\n\t\t\t\t\t<a >ESPRESSO<\/a>\n\t\t\t\t\t\t\t\t\t<\/div>\n\t\t\t<\/div>\n\t\t\t\t\t<div class=\"elementor-repeater-item-3cbc970 ekit-marquee-item ticker-item\">\n\t\t\t\t<img decoding=\"async\" width=\"30\" height=\"30\" src=\"https:\/\/baffcoffee.com\/wp-content\/uploads\/2025\/01\/charm_north-star.png\" class=\"attachment-full size-full wp-image-373\" alt=\"\" \/> \n\t\t\t\t<div class=\"ekit-title-and-description\">\n\t\t\t\t\t<a >AMERICANO<\/a>\n\t\t\t\t\t\t\t\t\t<\/div>\n\t\t\t<\/div>\n\t\t\t\t\t<div class=\"elementor-repeater-item-a44376a ekit-marquee-item ticker-item\">\n\t\t\t\t<img decoding=\"async\" width=\"30\" height=\"30\" src=\"https:\/\/baffcoffee.com\/wp-content\/uploads\/2025\/01\/charm_north-star.png\" class=\"attachment-full size-full wp-image-373\" alt=\"\" \/> \n\t\t\t\t<div class=\"ekit-title-and-description\">\n\t\t\t\t\t<a >LATTE<\/a>\n\t\t\t\t\t\t\t\t\t<\/div>\n\t\t\t<\/div>\n\t\t\t\t\t<div class=\"elementor-repeater-item-cc68a6a ekit-marquee-item ticker-item\">\n\t\t\t\t<img decoding=\"async\" width=\"30\" height=\"30\" src=\"https:\/\/baffcoffee.com\/wp-content\/uploads\/2025\/01\/charm_north-star.png\" class=\"attachment-full size-full wp-image-373\" alt=\"\" \/> \n\t\t\t\t<div class=\"ekit-title-and-description\">\n\t\t\t\t\t<a >CAPPUCCINO<\/a>\n\t\t\t\t\t\t\t\t\t<\/div>\n\t\t\t<\/div>\n\t\t\t\t\t<div class=\"elementor-repeater-item-3513fab ekit-marquee-item ticker-item\">\n\t\t\t\t<img decoding=\"async\" width=\"30\" height=\"30\" src=\"https:\/\/baffcoffee.com\/wp-content\/uploads\/2025\/01\/charm_north-star.png\" class=\"attachment-full size-full wp-image-373\" alt=\"\" \/> \n\t\t\t\t<div class=\"ekit-title-and-description\">\n\t\t\t\t\t<a >MOCHA<\/a>\n\t\t\t\t\t\t\t\t\t<\/div>\n\t\t\t<\/div>\n\t\t\t\t\t<div class=\"elementor-repeater-item-93b5e2d ekit-marquee-item ticker-item\">\n\t\t\t\t<img decoding=\"async\" width=\"30\" height=\"30\" src=\"https:\/\/baffcoffee.com\/wp-content\/uploads\/2025\/01\/charm_north-star.png\" class=\"attachment-full size-full wp-image-373\" alt=\"\" \/> \n\t\t\t\t<div class=\"ekit-title-and-description\">\n\t\t\t\t\t<a >MACCHIATO<\/a>\n\t\t\t\t\t\t\t\t\t<\/div>\n\t\t\t<\/div>\n\t\t\t\t\t<div class=\"elementor-repeater-item-72f66da ekit-marquee-item ticker-item\">\n\t\t\t\t<img decoding=\"async\" width=\"30\" height=\"30\" src=\"https:\/\/baffcoffee.com\/wp-content\/uploads\/2025\/01\/charm_north-star.png\" class=\"attachment-full size-full wp-image-373\" alt=\"\" \/> \n\t\t\t\t<div class=\"ekit-title-and-description\">\n\t\t\t\t\t<a >COLD BREW<\/a>\n\t\t\t\t\t\t\t\t\t<\/div>\n\t\t\t<\/div>\n\t\t\t\t\t\t\t\t<\/div>\n\t\t\t\t\t<\/div>\n\t\t\t\t\t\t\t<\/div>\n\t\t<\/div>\n\t\t<\/div>\t\t\t\t<\/div>\n\t\t\t\t<\/div>\n\t\t\t\t<\/div>\n\t\t\t\t<\/div>\n\t\t<div class=\"elementor-element elementor-element-4826418 e-flex e-con-boxed e-con e-parent\" data-id=\"4826418\" data-element_type=\"container\">\n\t\t\t\t\t<div class=\"e-con-inner\">\n\t\t\t\t<div class=\"elementor-element elementor-element-1777780 at-heading-animation at-animation-heading-none elementor-widget elementor-widget-heading\" data-id=\"1777780\" data-element_type=\"widget\" data-settings=\"{&quot;ekit_we_effect_on&quot;:&quot;none&quot;}\" data-widget_type=\"heading.default\">\n\t\t\t\t<div class=\"elementor-widget-container\">\n\t\t\t\t\t<h2 class=\"elementor-heading-title elementor-size-default\">KUZU EFFECT AVM \/ ORAN\n<\/h2>\t\t\t\t<\/div>\n\t\t\t\t<\/div>\n\t\t\t\t\t<\/div>\n\t\t\t\t<\/div>\n\t\t<div class=\"elementor-element elementor-element-12eaaad7 e-flex e-con-boxed e-con e-parent\" data-id=\"12eaaad7\" data-element_type=\"container\">\n\t\t\t\t\t<div class=\"e-con-inner\">\n\t\t<div class=\"elementor-element elementor-element-2d2caf89 e-con-full e-grid e-con e-child\" data-id=\"2d2caf89\" data-element_type=\"container\">\n\t\t\t\t<div class=\"elementor-element elementor-element-53867960 elementor-widget elementor-widget-google_maps\" data-id=\"53867960\" data-element_type=\"widget\" data-settings=\"{&quot;ekit_we_effect_on&quot;:&quot;none&quot;}\" data-widget_type=\"google_maps.default\">\n\t\t\t\t<div class=\"elementor-widget-container\">\n\t\t\t\t\t\t\t<div class=\"elementor-custom-embed\">\n\t\t\t<iframe loading=\"lazy\"\n\t\t\t\t\tsrc=\"https:\/\/maps.google.com\/maps?q=Baff%20coffee&#038;t=m&#038;z=10&#038;output=embed&#038;iwloc=near\"\n\t\t\t\t\ttitle=\"Baff coffee\"\n\t\t\t\t\taria-label=\"Baff coffee\"\n\t\t\t><\/iframe>\n\t\t<\/div>\n\t\t\t\t\t\t<\/div>\n\t\t\t\t<\/div>\n\t\t\t\t<div class=\"elementor-element elementor-element-225ba7d about-body-item elementor-widget__width-initial elementor-widget-mobile__width-inherit ekit-equal-height-disable elementor-widget elementor-widget-elementskit-icon-box\" data-id=\"225ba7d\" data-element_type=\"widget\" data-settings=\"{&quot;ekit_we_effect_on&quot;:&quot;none&quot;}\" data-widget_type=\"elementskit-icon-box.default\">\n\t\t\t\t<div class=\"elementor-widget-container\">\n\t\t\t\t\t<div class=\"ekit-wid-con\" >        <!-- link opening -->\n                <!-- end link opening -->\n\n        <div class=\"elementskit-infobox text-left text-left icon-top-align elementor-animation-   \">\n                    <div class=\"elementskit-box-header elementor-animation-\">\n                <div class=\"elementskit-info-box-icon  \">\n                    <i aria-hidden=\"true\" class=\"elementkit-infobox-icon fas fa-map-marker-alt\"><\/i>\n                <\/div>\n          <\/div>\n                        <div class=\"box-body\">\n                            <h3 class=\"elementskit-info-box-title\">\n                    BAFF COFFEE KUZU EFFECT                <\/h3>\n                        \t\t  \t<p>KUZU EFFECT AVM, Oran, Z\u00fclf\u00fc Ti\u011frel Cd. No:1 D:5 - 27, 06550 \u00c7ankaya\/Ankara<\/p>\n                                <\/div>\n        \n        \n                <\/div>\n        <\/div>\t\t\t\t<\/div>\n\t\t\t\t<\/div>\n\t\t\t\t<\/div>\n\t\t\t\t<div class=\"elementor-element elementor-element-98a56ec elementor-align-center elementor-widget elementor-widget-elementskit-button\" data-id=\"98a56ec\" data-element_type=\"widget\" data-settings=\"{&quot;ekit_we_effect_on&quot;:&quot;none&quot;}\" data-widget_type=\"elementskit-button.default\">\n\t\t\t\t<div class=\"elementor-widget-container\">\n\t\t\t\t\t<div class=\"ekit-wid-con\" >\t\t<div class=\"ekit-btn-wraper\">\n\t\t\t\t\t\t\t<a href=\"https:\/\/www.google.com\/maps\/place\/Baff+Coffee\/@39.8460599,32.8286218,644m\/data=!3m2!1e3!4b1!4m6!3m5!1s0x14d345300610ef67:0x30d6cd7f53d25c78!8m2!3d39.8460599!4d32.8286218!16s%2Fg%2F11khx20mtw?entry=ttu&#038;g_ep=EgoyMDI1MTIwOS4wIKXMDSoASAFQAw%3D%3D\" class=\"elementskit-btn  whitespace--normal\" id=\"\">\n\t\t\t\t\t<i class=\"fas fa-map-marker\"><\/i>Konum\t\t\t\t<\/a>\n\t\t\t\t\t<\/div>\n        <\/div>\t\t\t\t<\/div>\n\t\t\t\t<\/div>\n\t\t\t\t\t<\/div>\n\t\t\t\t<\/div>\n\t\t<div class=\"elementor-element elementor-element-1031f09 e-flex e-con-boxed e-con e-parent\" data-id=\"1031f09\" data-element_type=\"container\">\n\t\t\t\t\t<div class=\"e-con-inner\">\n\t\t\t\t<div class=\"elementor-element elementor-element-6eb704d at-heading-animation at-animation-heading-none elementor-widget elementor-widget-heading\" data-id=\"6eb704d\" data-element_type=\"widget\" data-settings=\"{&quot;ekit_we_effect_on&quot;:&quot;none&quot;}\" data-widget_type=\"heading.default\">\n\t\t\t\t<div class=\"elementor-widget-container\">\n\t\t\t\t\t<h2 class=\"elementor-heading-title elementor-size-default\">ADDRESS G\u00d6KSU \/ ERYAMAN<\/h2>\t\t\t\t<\/div>\n\t\t\t\t<\/div>\n\t\t\t\t\t<\/div>\n\t\t\t\t<\/div>\n\t\t<div class=\"elementor-element elementor-element-0d5b4ef e-flex e-con-boxed e-con e-parent\" data-id=\"0d5b4ef\" data-element_type=\"container\">\n\t\t\t\t\t<div class=\"e-con-inner\">\n\t\t<div class=\"elementor-element elementor-element-d2c7354 e-con-full e-flex e-con e-child\" data-id=\"d2c7354\" data-element_type=\"container\">\n\t\t\t\t<div class=\"elementor-element elementor-element-5cadab0 elementor-widget elementor-widget-google_maps\" data-id=\"5cadab0\" data-element_type=\"widget\" data-settings=\"{&quot;ekit_we_effect_on&quot;:&quot;none&quot;}\" data-widget_type=\"google_maps.default\">\n\t\t\t\t<div class=\"elementor-widget-container\">\n\t\t\t\t\t\t\t<div class=\"elementor-custom-embed\">\n\t\t\t<iframe loading=\"lazy\"\n\t\t\t\t\tsrc=\"https:\/\/maps.google.com\/maps?q=%C5%9Eehit%20Osman%20Avc%C4%B1%20Mah.%20Fatih%20Sultan%20Mehmet%20Bulvar%C4%B1%20no%3A54%20Address%2C%20G%C3%B6ksu%2C%20G%C3%B6ksu%20Park%C4%B1%20Kar%C5%9F%C4%B1s%C4%B1%20A%20blok%20D%C3%BCkkan%20No%3A62-63%20Address%2C%2006820%20Etimesgut%2FAnkara&#038;t=m&#038;z=10&#038;output=embed&#038;iwloc=near\"\n\t\t\t\t\ttitle=\"\u015eehit Osman Avc\u0131 Mah. Fatih Sultan Mehmet Bulvar\u0131 no:54 Address, G\u00f6ksu, G\u00f6ksu Park\u0131 Kar\u015f\u0131s\u0131 A blok D\u00fckkan No:62-63 Address, 06820 Etimesgut\/Ankara\"\n\t\t\t\t\taria-label=\"\u015eehit Osman Avc\u0131 Mah. Fatih Sultan Mehmet Bulvar\u0131 no:54 Address, G\u00f6ksu, G\u00f6ksu Park\u0131 Kar\u015f\u0131s\u0131 A blok D\u00fckkan No:62-63 Address, 06820 Etimesgut\/Ankara\"\n\t\t\t><\/iframe>\n\t\t<\/div>\n\t\t\t\t\t\t<\/div>\n\t\t\t\t<\/div>\n\t\t\t\t<\/div>\n\t\t\t\t<div class=\"elementor-element elementor-element-5ddf6a5 about-body-item elementor-widget__width-initial elementor-widget-mobile__width-inherit ekit-equal-height-disable elementor-widget elementor-widget-elementskit-icon-box\" data-id=\"5ddf6a5\" data-element_type=\"widget\" data-settings=\"{&quot;ekit_we_effect_on&quot;:&quot;none&quot;}\" data-widget_type=\"elementskit-icon-box.default\">\n\t\t\t\t<div class=\"elementor-widget-container\">\n\t\t\t\t\t<div class=\"ekit-wid-con\" >        <!-- link opening -->\n                <!-- end link opening -->\n\n        <div class=\"elementskit-infobox text-left text-left icon-top-align elementor-animation-   \">\n                    <div class=\"elementskit-box-header elementor-animation-\">\n                <div class=\"elementskit-info-box-icon  \">\n                    <i aria-hidden=\"true\" class=\"elementkit-infobox-icon fas fa-map-marker-alt\"><\/i>\n                <\/div>\n          <\/div>\n                        <div class=\"box-body\">\n                            <h3 class=\"elementskit-info-box-title\">\n                    BAFF COFFEE ADDRESS G\u00d6KSU                <\/h3>\n                        \t\t  \t<p>\u015eehit Osman Avc\u0131 Mah. Fatih Sultan Mehmet Bulvar\u0131 no:54 Address, G\u00f6ksu, G\u00f6ksu Park\u0131 Kar\u015f\u0131s\u0131 A blok D\u00fckkan No:62-63 Address, 06820 Etimesgut\/Ankara<\/p>\n                                <\/div>\n        \n        \n                <\/div>\n        <\/div>\t\t\t\t<\/div>\n\t\t\t\t<\/div>\n\t\t\t\t\t<\/div>\n\t\t\t\t<\/div>\n\t\t\t\t<\/div>\n\t\t","protected":false},"excerpt":{"rendered":"<p>Ma\u011fazalar\u0131m\u0131z Home ESPRESSO AMERICANO LATTE CAPPUCCINO MOCHA MACCHIATO COLD BREW ESPRESSO AMERICANO [&hellip;]<\/p>\n","protected":false},"author":1,"featured_media":0,"parent":0,"menu_order":0,"comment_status":"closed","ping_status":"closed","template":"elementor_header_footer","meta":{"footnotes":""},"class_list":["post-11812","page","type-page","status-publish","hentry"],"_links":{"self":[{"href":"https:\/\/baffcoffee.com\/index.php\/wp-json\/wp\/v2\/pages\/11812","targetHints":{"allow":["GET"]}}],"collection":[{"href":"https:\/\/baffcoffee.com\/index.php\/wp-json\/wp\/v2\/pages"}],"about":[{"href":"https:\/\/baffcoffee.com\/index.php\/wp-json\/wp\/v2\/types\/page"}],"author":[{"embeddable":true,"href":"https:\/\/baffcoffee.com\/index.php\/wp-json\/wp\/v2\/users\/1"}],"replies":[{"embeddable":true,"href":"https:\/\/baffcoffee.com\/index.php\/wp-json\/wp\/v2\/comments?post=11812"}],"version-history":[{"count":23,"href":"https:\/\/baffcoffee.com\/index.php\/wp-json\/wp\/v2\/pages\/11812\/revisions"}],"predecessor-version":[{"id":11929,"href":"https:\/\/baffcoffee.com\/index.php\/wp-json\/wp\/v2\/pages\/11812\/revisions\/11929"}],"wp:attachment":[{"href":"https:\/\/baffcoffee.com\/index.php\/wp-json\/wp\/v2\/media?parent=11812"}],"curies":[{"name":"wp","href":"https:\/\/api.w.org\/{rel}","templated":true}]}}